.
31
Calculate the greatest common divisor of 156 and 5512.
52
Calculate the highest common divisor of 1210 and 10.
10
What is the greatest common factor of 1134 and 7452?
162
Calculate the greatest common factor of 154 and 1358.
14
What is the greatest common factor of 2014 and 532?
38
What is the greatest common factor of 519 and 18?
3
Calculate the highest common factor of 4212 and 26.
26
Calculate the greatest common factor of 8 and 4192.
8
Calculate the highest common divisor of 250 and 1050.
50
Calculate the greatest common divisor of 75 and 19275.
75
What is the greatest common divisor of 57 and 57?
57
What is the greatest common divisor of 240 and 15060?
60
Calculate the greatest common factor of 230 and 330.
10
What is the greatest common divisor of 413 and 1888?
59
What is the greatest common divisor of 225 and 2575?
25
Calculate the highest common factor of 77 and 770.
77
Calculate the highest common factor of 2 and 9574.
2
What is the highest common factor of 473 and 55?
11
Calculate the highest common factor of 133 and 77.
7
Calculate the highest common factor of 415 and 1577.
83
Calculate the highest common factor of 540 and 720.
180
What is the greatest common divisor of 167 and 37?
1
What is the highest common divisor of 31 and 31?
31
Calculate the highest common divisor of 300 and 60.
60
Calculate the highest common factor of 1133 and 103.
103
Calculate the greatest common factor of 16 and 2944.
16
What is the highest common divisor of 16 and 400?
16
What is the highest common divisor of 77 and 143?
11
What is the highest common divisor of 270 and 90?
90
What is the greatest common factor of 45 and 1935?
45
Calculate the highest common divisor of 9 and 369.
9
Calculate the greatest common divisor of 17731 and 17.
17
Calculate the greatest common factor of 50 and 250.
50
What is the highest common divisor of 96 and 8196?
12
What is the highest common factor of 44 and 2750?
22
What is the greatest common factor of 208 and 8?
8
Calculate the greatest common divisor of 15 and 321.
3
What is the greatest common divisor of 27 and 15?
3
What is the greatest common factor of 68 and 238?
34
Calculate the highest common factor of 87 and 203.
29
Calculate the highest common factor of 50 and 30.
10
Calculate the highest common divisor of 8 and 316.
4
What is the greatest common divisor of 210 and 336?
42
What is the greatest common factor of 728 and 10136?
56
Calculate the highest common divisor of 15940 and 40.
20
Calculate the greatest common factor of 55 and 143.
11
What is the highest common divisor of 4660 and 40?
20
Calculate the greatest common divisor of 99 and 27.
9
Calculate the greatest common divisor of 338 and 130.
26
What is the greatest common factor of 28 and 19565?
7
What is the highest common divisor of 27 and 72?
9
What is the greatest common divisor of 232 and 1566?
58
What is the highest common divisor of 45 and 435?
15
What is the highest common factor of 144 and 2628?
36
What is the highest common divisor of 10 and 890?
10
What is the greatest common factor of 1727 and 1099?
157
What is the greatest common factor of 1357 and 23?
23
Calculate the highest common divisor of 1 and 226.
1
What is the greatest common factor of 36 and 594?
18
Calculate the highest common factor of 56 and 364.
28
Calculate the greatest common divisor of 1764 and 180.
36
What is the highest common divisor of 6 and 26?
2
What is the highest common divisor of 528 and 22?
22
Calculate the greatest common factor of 7760 and 80.
80
Calculate the highest common divisor of 480 and 2670.
30
Calculate the greatest common factor of 2139 and 465.
93
What is the highest common factor of 240 and 15?
15
What is the greatest common factor of 20 and 70?
10
Calculate the greatest common factor of 2524 and 4.
4
Calculate the greatest common divisor of 27 and 135.
27
Calculate the highest common divisor of 20 and 860.
20
Calculate the greatest common divisor of 156 and 396.
12
What is the greatest common divisor of 129 and 3?
3
Calculate the highest common divisor of 36 and 261.
9
What is the greatest common factor of 166 and 4?
2
Calculate the greatest common divisor of 69 and 21183.
69
What is the highest common divisor of 390 and 1410?
30
Calculate the highest common divisor of 270 and 120.
30
What is the greatest common divisor of 516 and 215?
43
What is the greatest common factor of 6 and 318?
6
Calculate the greatest common factor of 7178 and 74.
74
Calculate the highest common factor of 6 and 2454.
6
What is the highest common factor of 1411 and 17?
17
What is the highest common factor of 1984 and 62?
62
What is the greatest common factor of 1615 and 1520?
95
What is the highest common divisor of 410 and 492?
82
What is the highest common divisor of 66 and 1749?
33
What is the highest common factor of 12 and 4188?
12
What is the highest common divisor of 20 and 290?
10
Calculate the highest common divisor of 345 and 2139.
69
What is the highest common divisor of 1421 and 754?
29
What is the highest common divisor of 15002 and 26?
26
What is the greatest common factor of 19 and 2983?
19
What is the greatest common factor of 6170 and 10?
10
Calculate the highest common divisor of 52 and 416.
52
Calculate the greatest common divisor of 4725 and 882.
63
Calculate the greatest common divisor of 150 and 140.
10
What is the highest common divisor of 50 and 2450?
50
Calculate the highest common divisor of 96 and 312.
24
Calculate the greatest common factor of 12782 and 77.
77
What is the greatest common divisor of 580 and 406?
58
What is the highest common divisor of 9 and 9459?
9
What is the highest common factor of 3555 and 9?
9
What is the greatest common divisor of 144 and 450?
18
What is the highest common factor of 9 and 1557?
9
Calculate the greatest common divisor of 390 and 18.
6
What is the greatest common divisor of 200 and 2160?
40
What is the highest common factor of 57 and 9?
3
Calculate the greatest common divisor of 16769 and 164.
41
Calculate the highest common factor of 4366 and 236.
118
What is the greatest common divisor of 5012 and 28?
28
What is the greatest common divisor of 2072 and 7?
7
Calculate the highest common factor of 2 and 1292.
2
What is the greatest common factor of 6655 and 55?
55
What is the highest common divisor of 126 and 294?
42
Calculate the highest common factor of 300 and 24.
12
What is the greatest common divisor of 14079 and 39?
39
What is the highest common divisor of 16854 and 318?
318
Calculate the highest common factor of 44 and 198.
22
Calculate the greatest common divisor of 229 and 3206.
229
Calculate the highest common factor of 22 and 77.
11
What is the highest common factor of 28 and 572?
4
What is the highest common factor of 63 and 5817?
21
Calculate the highest common factor of 154 and 28.
14
What is the highest common factor of 2489 and 57?
19
What is the highest common factor of 324 and 10?
2
Calculate the highest common divisor of 784 and 48.
16
What is the greatest common factor of 78 and 6?
6
What is the highest common factor of 3468 and 24?
12
What is the highest common divisor of 648 and 120?
24
What is the greatest common factor of 47 and 2303?
47
Calculate the greatest common factor of 374 and 22.
22
What is the highest common divisor of 28 and 1372?
28
Calculate the highest common factor of 129 and 15.
3
Calculate the greatest common factor of 50 and 6150.
50
Calculate the highest common divisor of 16720 and 285.
95
What is the highest common divisor of 151380 and 180?
180
Calculate the highest common factor of 24 and 28.
4
Calculate the greatest common factor of 92 and 23.
23
What is the highest common divisor of 13328 and 32?
16
Calculate the highest common divisor of 215 and 1978.
43
What is the highest common divisor of 544 and 17?
17
What is the highest common divisor of 64 and 47296?
64
What is the highest common factor of 13 and 104?
13
Calculate the highest common factor of 2821 and 91.
91
What is the greatest common divisor of 2162 and 94?
94
Calculate the greatest common factor of 95456 and 19.
19
What is the greatest common factor of 28030 and 10?
10
Calculate the highest common factor of 594 and 162.
54
What is the greatest common factor of 23020 and 60?
20
What is the highest